**2 - 3*a + 1. Let d = -6 + 9. Suppose -2*j - 2 = -3*w - 1, -d*w + 25 = 4*j. What is s(w)?
1
Suppose 5*k + 284 - 254 = 0. Let v(q) = -q**2 - 4*q - 5. Calculate v(k).
-17
Let n(w) be the second derivative of -3/2*w**2 + 0 - 1/2*w**3 + 23*w. Let m = -5 + 3. Determine n(m).
3
Let d(x) = 5*x**3 + 4*x**2 - 2*x - 4. Let g(p) = 11*p**2 - 6*p - 7*p**2 - 11 + 7*p**2 + 14*p**3. Let o(k) = 11*d(k) - 4*g(k). Let a = 4 - 6. What is o(a)?
4
Let t be -1*(-1)/(2*(-2)/28). Let s(z) = 3*z + 18. What is s(t)?
-3
Let l = -3 - -25. Let c = 13 - l. Let w = c + 10. Let z(p) = -3*p**3 + p**2. Calculate z(w).
-2
Suppose -32*k = -42*k + 100. Let b(a) = -a**2 + 9*a + 8. Calculate b(k).
-2
Let x(p) = p**3 + 3*p**2 - 3*p - 3. Let k(j) = 5*j - 5. Let s be k(11). Suppose -43*v + 28 = -s*v. Calculate x(v).
-7
Let w be 3/((-1)/(4/(-6))). Suppose 0 = -0*l - 3*l - 6. Let x(u) = u + 1. Let m(b) = -2*b + 1. Let z(s) = l*x(s) + m(s). Give z(w).
-9
Let k(z) be the third derivative of -z**7/2520 - z**6/80 - 3*z**5/40 - z**4/2 + 27*z**2. Let x(l) be the second derivative of k(l). What is x(-6)?
9
Let s(z) = 1489*z - 1487*z - 3 - 3. Determine s(4).
2
Let v(g) = g. Let h(i) = 2*i - 8. Let k(s) = h(s) + v(s). Suppose 9 + 16 = 5*j + 5*m, 4*j - 5*m = 29. Determine k(j).
10
Suppose -157*k = -128*k + 290. Let t be -1*(3 - 1)*2. Let a be 3*t/(-3) + k. Let i(w) = w**2 + 6*w + 6. What is i(a)?
6
Let t(u) = 3*u. Let b(r) = -r**2 + 25*r + 119. Let m be b(-4). Give t(m).
9
Let t = 135 - 145. Let c(w) = w**2 + 10*w + 8. Determine c(t).
8
Suppose 5*p - 31 = -0*x - 4*x, -p - 13 = -4*x. Suppose -p*h - h = -b - 4, -5*h + 5 = 2*b. Let t(c) = -h + 4 + 4*c - 2. What is t(-1)?
-3
Let i(y) = y**3 - 3*y**2 + 2*y + 0*y**3 - 6*y. Let v be (-9)/(-3) - (-1)/1. Let p = 8 - v. What is i(p)?
0
Suppose -93 - 45 = -23*h. Let d(w) = -w + 2. Calculate d(h).
-4
Let b(i) be the first derivative of i**4/4 - 10*i**3/3 + 9*i**2/2 - 9*i - 124. Determine b(9).
-9
Let z(a) = -8*a**3 + 2*a**2 - 2*a + 1. Let j(g) be the second derivative of g**4/12 - g**3/3 - 4*g. Let h be j(2). Suppose h = -5*t + 5. Calculate z(t).
-7
Suppose -a + 20 = 4*t + 8, 5*t + 2*a = 12. Let j(y) = -y**3 + 4*y**2 + y - 5. Give j(t).
-1
Suppose -14*a + 172 - 32 = 0. Let c(o) = 0*o + 4*o - 7 - a*o - o**3 + 6*o**2 + 2*o. What is c(5)?
-2
Let g = -36 + 45. Let l(n) = 4*n + 3 - 11*n**2 - g*n**2 + 22*n**2. Give l(-2).
3
Let g(j) be the second derivative of j**5/60 + j**4/4 - j**3/3 + 4*j**2 + 22*j. Let c(y) be the first derivative of g(y). What is c(-7)?
5
Let g(k) = 2 - 3*k + 6*k - 9 + 5. Let n be g(2). Let r(z) = -7*z + z**2 + 0*z + 0*z**2 + 3. Calculate r(n).
-9
Let b(h) = -h**2 + 21*h - 25. Let y(w) = w**2 + 13*w + 61. Let p be y(-6). What is b(p)?
13
Let o(h) = h**3 - 6*h**2 - h + 4. Let n = 254 - 248. Determine o(n).
-2
Let w be (-24)/(-36) + (-13)/(-3) + -1. Suppose 0 = -4*i - p + 4*p - 24, -4*p + 24 = -w*i. Let q(o) = -o**2 - 6*o - 6. Determine q(i).
-6
Let h be (-3)/(-15) - (-20)/25. Let z = 5 - h. Suppose 4*p - z = 8. Let x(j) = 4*j - 4. Determine x(p).
8
Let s(w) = -w + 5. Let p be s(3). Let y be p*(-3 - (-5 + 0)) - 6. Let d(i) = i. Determine d(y).
-2
Let c(m) = m**3 - 3*m**2 - 6*m + 1. Suppose 4*y = 5*y - 4. Let j(r) = -2*r**3 + 2*r**2 + r**3 + 0*r**3 + r + y. Let u be j(0). Determine c(u).
-7
Let m be ((-26)/91)/((-4)/14 - 0). Let q(d) = 4*d**2 + 2*d - 1. What is q(m)?
5
Let y(m) = m**3 - 6*m**2 - 3*m - 2. Let z be (-2)/12 - (590/60 - 16). Determine y(z).
-20
Suppose -36 = 47*z - 38*z. Let b(u) = u - 2. What is b(z)?
-6
Let l(k) = 2*k - 5. Let v be l(5). Suppose -v*r - 4*j = -27, 0 = -j + 1 + 2. Suppose -2*f - z = r*z + 16, 0 = -4*z - 20. Let h(t) = -t + 4. Calculate h(f).
2
Let q(a) be the second derivative of a**5/20 + a**4/2 + a**3/2 + 2*a**2 + a. Let p(k) = -k**2 + 9*k + 4. Let x be p(10). Determine q(x).
-14
Let j(l) = -486*l**2 + 5 - 6*l - l**3 - 1 + 492*l**2. Calculate j(5).
-1
Let t(k) = -41 + 15 + k + 10 + 12. What is t(-4)?
-8
Let a(j) = j + 12. Let f be 7/21*-3 - 4. Calculate a(f).
7
Let m be 46/(-11) - 72/(-396). Let g(k) = -k**3 - 8*k**2 - 15*k - 4. Determine g(m).
-8
Let d = -30 - -36. Let s = -9 + d. Let v(c) = -c**3 - 4*c**2 - 5*c - 2. Calculate v(s).
4
Let t = 109 - 102. Let g(y) = y**2 - 8*y + 18. Give g(t).
11
Let s(h) = -h**2 - 3*h + 1. Suppose -36 = -6*w + 2*w. Suppose 0 = -12*k + 9*k - w. Give s(k).
1
Let k(d) = -9*d**3 - 2*d**2 + 3*d - 4. Let g(h) = -11*h**3 - 2*h**2 + 4*h - 5. Let j(i) = -4*g(i) + 5*k(i). Determine j(2).
-18
Let a(k) = 1 + 2*k - 373*k**3 - 382*k**3 + 753*k**3. What is a(2)?
-11
Let d(a) be the first derivative of -9*a**4 - a**3/3 + a - 138. What is d(-1)?
36
Suppose -3 = -5*l + 2*s, -5*l + 7*l + 4*s + 18 = 0. Let b(c) = 6*c**2 + 1. What is b(l)?
7
Let i(m) be the second derivative of 1/2*m**2 - m**3 + 0 - 1/3*m**4 + 1/20*m**5 - 2*m. Let h = 3 + 2. What is i(h)?
-4
Let c be (24/(-15) + 1)*(-60)/4. Let j be 13/(-4) + c/(-12). Let t(y) be the first derivative of -y**2 - y - 1. Determine t(j).
7
Suppose 35*j - 2 = 34*j. Let o(q) = 14*q - 8. What is o(j)?
20
Let f(h) = -h**2 + h. Suppose -4*x + 3 = 5*p, -2*p + 22 - 53 = -3*x. Let t = -7 + x. Let q = t - 1. Give f(q).
-2
Let p(q) = -3 + 4*q**2 + q**3 - 690*q + 686*q - 2. Determine p(-4).
11
Suppose 2*l - 5*l + 9 = 0, 0 = -2*j + 3*l - 21. Let b(u) = -638*u**2 + 2*u + u + 639*u**2 - 6. What is b(j)?
12
Let w(y) = -y**3 + 5*y**2 - y + 6. Let v(s) = s**2. Let i(t) = 4*v(t) - w(t). Calculate i(0).
-6
Let n(v) = -3*v**3 + 2*v**2 + 2. Suppose -2*j = 3*d + 44 + 4, -5*j = 5*d + 75. Let k be 32/12*d/(-24). What is n(k)?
-14
Suppose 2*z + 1041 - 1047 = 0. Let u(r) = -r**3 + 5*r + 3. What is u(z)?
-9
Let k(y) = y**3 - 3*y**2 - 19*y + 1. Let w be k(-3). Suppose -2*p = -t - 4, 3*t + 1 = -t + 3*p. Let j(r) = -r**t + 3*r + 1 - 4 + 1. Determine j(w).
-6
Suppose 0*i - 36 = 4*i - 4*b, -b + 4 = 0. Let v = i - -9. Suppose 16 = -2*r - v*x, -r = -5*r + 3*x - 21. Let z(p) = p + 5. What is z(r)?
-1
Let r(x) be the third derivative of -x**5/10 - x**4/6 + 2*x**3/3 + 22*x**2. Let n be r(1). Let b(i) = i**2 + 10*i + 8. What is b(n)?
-16
Let p be -72 + 72 + 12/2. Let n(q) = -5*q + 6. What is n(p)?
-24
Let n(g) = -2*g**2 - 5*g - 6. Let y = -429 + 427. Calculate n(y).
-4
Let u(w) = w**3 + 17*w**2 - 43*w - 94. Let g be u(-19). Let d(n) = -15*n**3 + 3*n**2 - n - 1. What is d(g)?
-14
Let d(x) = x**3 - 13*x**2 - x + 15. Let m be d(13). Let b(k) = -k - k**2 - 3*k**2 + k**m. Calculate b(1).
-4
Let x(b) = -16*b - 2. Suppose 0 = 275*s - 284*s - 9. Calculate x(s).
14
Let t(r) = 0 + r + 0*r + 1. Suppose 0 = j - l + 2, -41*j = -44*j - 3*l + 24. Calculate t(j).
4
Let r(c) = -c**2 - 9*c - 2. Let i(d) = d. Let t(h) = 3*i(h) - r(h). Let z(a) = -2*a**2 - 25*a - 4. Let o(b) = -13*t(b) - 6*z(b). Give o(-6).
-2
Let w(r) be the second derivative of -r**7/168 - r**5/120 + r**4/24 - 43*r**3/6 - 21*r. Let o(n) be the second derivative of w(n). Determine o(1).
-5
Let n(y) = 2*y + 5. Let i be (91/(-7) + 5)/1. Determine n(i).
-11
Let c(r) = -r**3 - 3*r**2 - r - 3. Let j(f) = -f**3 + f**2 + 2. Let a(m) = -c(m) - 2*j(m). What is a(1)?
4
Let u be 6/27 + (-16)/(-9). Suppose -v - 5*x + 11 = 0, 3*x = 6*v - 2*v + 2. Let w = v + u. Let c(s) = s**2 - 2*s + 1. Determine c(w).
4
Let k(u) be the third derivative of -10*u**2 - 1/2*u**3 - 1/12*u**4 + 0 + 0*u. Give k(3).
-9
Let n = 6 - 3. Let h(y) = 17*y**2 + 23*y + 3. Let r(a) = 24*a**2 + 32*a + 4. Let k(i) = -7*h(i) + 5*r(i). What is k(n)?
5
Let p(s) = s + 4. Let m(i) = 23 - 34 + 3*i - 4*i. Let d be m(-11). Let o(k) = 2*k - 4. Let a be o(d). What is p(a)?
0
Let f(r) be the third derivative of 0*r + 1/6*r**4 + 1/10*r**5 + 0 - 5*r**2 - 1/6*r**3 + 1/120*r**6. Determine f(-4).
15
Let a(t) = t + 6. Let z be a(-9). Let y = 138 + -150. Let x be ((-4)/y)/(z/9). Let r(v) = -7*v**2 - 2*v - 1. Calculate r(x).
-6
Suppose -9*j = 245 - 191. Let o(n) = n. Calculate o(j).
-6
Let j = -1049 - -1052. Let v(b) = 18*b + 1. Calculate v(j).
55
Let y(b) be the first derivative of -b**3 - 2*b**2 - 1/120*b**6 + 0*b + 1/10*b**5 - 1/6*b**4 - 1. Let p(c) be the second derivative of y(c). Determine p(5).
-1
Let k be (-5)/(25/30) + 6. Let v(l) = l + 22. What is v(k)?
22
Let c(a) = -9*a + 4. Let m(b) = -8*b + 4. Let v = -63 + 65. Let g(t) = v*c(t) - 3*m(t). What is g(3)?
14
Let x(r) = 1 + 2*r + 9*r - 11*r**2 